 -15*d + 41*d + 26 = k. What is c(d)?
1
Let p(w) = -w**3 - 12*w**2 - 3*w - 3. Let i = 3851 + -3862. Determine p(i).
-91
Let t(s) = 9*s**2 + 4*s + 8. Let k(m) = -11*m**2 - 5*m - 9. Suppose 24 = 5*h - 9*h. Let b(z) = h*t(z) - 5*k(z). Determine b(0).
-3
Let n(r) = r**2 - 27*r + 54. Let y be n(25). Let b(z) = -2*z**2 - 2*z - 4. Let m(k) = 3*k**2 + 2*k + 4. Let c(o) = -4*b(o) - 3*m(o). Determine c(y).
-4
Let w(f) = 5*f - 49. Let a(z) = -8*z + 82. Let i(p) = -3*a(p) - 5*w(p). Let q be -5*1/(-5)*-2. Let g(s) = 4*s + 3. Let v be g(q). Calculate i(v).
4
Let d(g) = 10*g + 25. Let a(v) = -23*v - 47. Let i(f) = -3*a(f) - 7*d(f). Give i(-31).
-3
Let c(w) be the first derivative of -7/2*w**2 + 341 - 2*w + 1/3*w**3. Give c(4).
-14
Suppose 9 = 207*y - 204*y - 3*m, -12 = -4*y - 3*m. Let b(d) be the third derivative of 0 - d**y + 1/60*d**5 + 1/8*d**4 + 0*d + 18*d**2. What is b(-6)?
12
Let m(c) = 29*c + 3. Let t(b) = 186*b - 3. Let q be t(0). Calculate m(q).
-84
Let v(y) = -7 - 9566*y**2 - 7*y - 2*y - 14 + 9565*y**2. What is v(-9)?
-21
Let n(d) = 17*d**2 - d - 1. Suppose 268*t - 3 = 267*t. Suppose -t = 12*k - 9*k. Give n(k).
17
Suppose 0 = 4*x + 5*d - 705, x + 879 = 6*x + 4*d. Let t be 280/x*30/8. Let r(g) = 5*g - 2*g - 2*g**2 + 7*g**2 - 5 - g**3. Give r(t).
-23
Let u(q) = 197*q - 3. Let o(p) = 73*p - 1. Let h(z) = 8*o(z) - 3*u(z). What is h(-1)?
8
Let v(i) be the third derivative of 14 - 1/60*i**5 + 0*i + 1/6*i**3 - i**2 - 1/4*i**4. Determine v(-5).
6
Suppose 91*y + 133 = -11*y + 1051. Let n(i) = 30*i - 275. Give n(y).
-5
Suppose -406*z + 414*z = 32. Let c(f) = f**3 - 3*f**2 - 5*f + 1. Let k(w) = -w**3 + 3*w**2 + 4*w. Let g(h) = z*k(h) + 3*c(h). Give g(3).
6
Let s(o) = -o - 4. Let c(l) = 1. Let j(f) = 4*c(f) + s(f). Let t be 2 - 52/8*4. Let g = t + 19. Give j(g).
5
Let n(f) = -f**2 - 3*f + 7. Let j(d) = -2*d**2 - 8*d + 13. Let s(o) = -6*j(o) + 13*n(o). Let r be 5/(15/29) + 1/3. Calculate s(r).
3
Let b = 0 - 1. Let v(k) = 8*k**2 + 30*k - 3. Let j(h) = 19*h**2 + 72*h - 7. Let d(f) = 5*j(f) - 12*v(f). Calculate d(b).
0
Let x(y) = y**2 + 4*y - 1. Let h = -2018 - -2007. Let p(i) be the third derivative of -i**4/8 - 6*i**3 - 2*i**2. Let o be p(h). Give x(o).
-4
Let c = -17 - -16. Let o = c - -33. Let f(n) = 2 + 18*n - o*n - n**3 + 16*n - 2*n**2. Determine f(-3).
5
Let t be (-28)/13 + 2 - 48/26. Let i(q) = 20*q**3 + 12*q**2 + 13*q + 7. Let g(u) = 14*u**3 + 8*u**2 + 9*u + 5. Let p(l) = -7*g(l) + 5*i(l). Calculate p(t).
-4
Let y(t) = t - 2. Let p(f) = -f**2 + 4*f + 10. Let w(x) = -p(x) - 3*y(x). Give w(8).
4
Let g(z) = -114*z**3 - 9 + 5*z**2 + 115*z**3 - 4*z**2 + 3*z**2. Calculate g(-4).
-9
Let t(g) = 4*g - 28. Let r be t(5). Let h be ((-16)/r)/((-5)/(-20)). Let q(k) = -k**3 + 8*k**2 + k + 10. What is q(h)?
18
Let t(g) be the first derivative of g**2 + 11*g + 3489. Give t(-4).
3
Suppose 0 = -23*w - 19959 + 4089. Let h = 679 + w. Let b(p) = p**3 + 11*p**2 + p + 8. Give b(h).
-3
Let d(w) be the second derivative of -19*w**3/6 + 2*w**2 - 1467*w. Determine d(1).
-15
Let i(o) = -15*o - 16. Let h(v) = -10*v - 11. Let z(m) = 7*h(m) - 5*i(m). Let r be (-2 - 8) + (-77)/(-66)*6. Give z(r).
-12
Let w(q) be the second derivative of -q**5/10 + 7*q**4/6 - q**3 + 17*q**2/2 + 3*q + 3017. What is w(7)?
-25
Let i be 3 + -3*56/24. Let t(l) = l - 1. Let a(c) = 22*c + 4. Let r(q) = i*t(q) - a(q). Determine r(1).
-26
Let z = -9143 - -9132. Let x(o) = 3*o + 22. Calculate x(z).
-11
Let z(d) = -9*d + 17 - 9*d**2 + 13*d**2 - 3*d**2 - 3*d**2 + 45*d. What is z(19)?
-21
Let h = 146 - 122. Suppose 40*i + 64 = h*i. Let g(u) = 2*u**2 + 4*u - 4. Calculate g(i).
12
Let k(x) = 50*x + 1 - 203*x + 51*x + 76*x - 4. Determine k(-1).
23
Let m(y) be the first derivative of y**3/3 + 5*y**2/2 - 6*y + 1. Suppose -5*j = -16*j + 121. Let o be (-33)/5 - ((-110)/(-25))/j. Calculate m(o).
8
Suppose 0 = -4*c - 3*c - 35. Let z = 0 - c. Suppose -5*r = -3*j + 11, -4 = -5*j + z*r + 1. Let l(u) = -u**3 - 4*u**2 - 2*u - 2. Give l(j).
-5
Let q(o) be the first derivative of -o**2 - 8*o - 71529. Let r(d) = -8*d**2 + d. Let v be r(1). Calculate q(v).
6
Let o(x) = -x**2 - 33*x - 227. Let v be -18*1 + (-81)/(-54)*-4. Give o(v).
-11
Let o(r) = 53*r. Let x = 114 + -103. Let i(f) = 10*f. Let k(y) = x*i(y) - 2*o(y). Give k(-5).
-20
Let i(b) = 7*b - 39. Let f = -7052 - -7058. Give i(f).
3
Let f(w) = -w**3 + 3*w**2 - 3*w + 10. Let a be f(3). Let o be (-1 - -2)/(12/36). Let z(k) = -5*k**2 - 1 + k**o + a + 14*k - 8*k. What is z(4)?
8
Suppose d - 3 = 0, 0 = -2*v - 6*d + d + 39. Let f be 14/4 - (1 - v/8). Let y(h) = 4*h - 13. Let c be y(f). Let s(l) = l**3 - 3*l**2 + 2*l. Give s(c).
6
Let k(v) be the second derivative of v**4/2 + v**3/2 + 3*v**2/2 + 6394*v. Let f be (-2)/4*4 + 0. Calculate k(f).
21
Suppose -9*j + 0 = -18. Let y(h) = 4 - 6 - j + 19*h + 5. Determine y(1).
20
Let l = -26 - -34. Suppose -4*w - 4*r = l, -3*w = -0*r + 5*r + 14. Let b(o) = -7*o + 9*o**2 - 21*o**2 - 3 + 8*o**2 + 3*o**w. Calculate b(-6).
3
Let a(p) = 1 + 2 - 2 + 2*p**2 + 3*p - 3. Let r be 28/6 - 3/(-9). Suppose r - 20 = 5*t. What is a(t)?
7
Let q be ((-3 - -7)/1 + -5)/(-1). Let h(f) = -85*f + 1. Give h(q).
-84
Suppose -2*w + 24 = 18. Let n(r) = -15 + 12*r - w*r + 13 - 3. Calculate n(2).
13
Let f(n) = -4*n - 3. Let k be (-130)/(7 + -2)*-1. Let t = k - 23. Suppose 3*w + t*l + 9 = 3, -3*w + l - 14 = 0. Determine f(w).
13
Suppose 10*u = 135 + 75. Suppose 66 = 9*q + u. Let o(j) = j**3 - 6*j**2 - 2*j + 7. Give o(q).
-28
Let m be (-4)/2 - (-79 - -58). Let p(a) = 8 - 1 + m*a - 14*a - 1 - a**2 - 2. What is p(7)?
-10
Suppose -5 = q + 4*q. Let p be (0/4)/(q/1). Let t(w) = 17 + 6*w - w**2 - 20*w + 14*w. What is t(p)?
17
Let z(v) = 2*v**3 - 3*v**2 - v - 1. Let l(j) = j**3 - 16*j**2 + 28*j + 1. Let b be l(12). Let s = 237 + b. Give z(s).
-27
Suppose 0 = 4*o - 2*c + 2, o - 4*c + 2*c = -8. Suppose 4*z - 3*j - 43 = 0, 5 + 7 = z - j. Let h(t) = -6 + z - 2 + 6*t. Give h(o).
11
Let d(c) = -1 - 2*c - 2 - 2 + c**2. Let t = 815 - 811. Let a be d(t). Let j(l) = -l**2 + 4*l - 1. Determine j(a).
2
Let c = 401 - 379. Let m(f) = c*f + 106 - 6*f - 107. What is m(-1)?
-17
Let t(l) be the second derivative of l**3/6 - 19*l**2 - 417*l. What is t(15)?
-23
Let y(h) = 11*h + 11*h**2 + 5*h**3 - 418 + 147 + 143 + 138 - 6*h**3. What is y(12)?
-2
Let n(l) = -2*l**2 - 8*l. Let p(r) be the second derivative of -5*r**4/12 - 8*r**3/3 + r**2/2 + 86*r. Let o(c) = 9*n(c) - 4*p(c). Determine o(6).
20
Let y(b) = b**3 + 5*b**2 - 18*b - 28. Let i be y(-7). Let l(n) be the second derivative of i - 21*n - 2*n**2 - 1/6*n**3. What is l(-2)?
-2
Let x(m) be the first derivative of -29*m**2/2 - 7*m + 1924. What is x(-3)?
80
Suppose -2 = -124*h + 125*h, 23 = -n - h. Let d(p) = -3*p - 61. What is d(n)?
2
Let b(l) be the second derivative of -3/2*l**2 + 4 + 2/3*l**3 - l. What is b(4)?
13
Let v(j) = -7*j**3 - 24*j - 149*j + 6*j**3 - 11*j**2 + 156*j + 31. Determine v(-9).
22
Let q(y) = 19 + 29*y - 1 + 39 + 43*y - 74*y. Calculate q(14).
29
Let q(j) = -j**3 - 9*j**2 + 3*j - 5. Let i be (-76)/798 - 561/63. Determine q(i).
-32
Let z(y) = -5*y - 401 + 0*y + 188 - y**3 - 6*y**2 + 206. Suppose 5*v + 22 = -t, -5*v = -3*v + 5*t - 5. Give z(v).
-7
Suppose 151*i = -16*i + 668. Let w(d) = -355*d + 1422. Calculate w(i).
2
Let h(o) = o**2 - 9*o - 56. Let q(m) = 268*m + 1603. Let v be q(-6). Give h(v).
14
Let v(a) = -114*a**2 - 48. Let q(i) = -33*i**2 - 14. Let h(u) = 24*q(u) - 7*v(u). Let f = -2 + 3. Determine h(f).
6
Let n(g) be the third derivative of 7*g**6/720 - g**5/40 - g**4/8 + 9*g**3 - 113*g**2. Let f(a) be the second derivative of n(a). Give f(1).
4
Let f(b) = b**3 - 10*b**2 - 19*b + 85. Let y be ((-2)/(-2))/((-713)/(-2277) - 10/45). Calculate f(y).
-3
Let i(l) = -l**3 - 11*l**2 - 18*l + 5. Let b be i(-9). Let h(r) = b*r + 21 + 20 - 46. What is h(2)?
5
Let n(o) = o**3 - 21*o**2 + 3*o - 56. Suppose 5*d + 108 = 4*g + 39, -3*d = 3*g - 72. Let b be n(g). Let h(f) = -f**2 + 9*f - 2. Give h(b).
12
Let l be (-1 - -2)/(((-18)/3)/36). Let c = l + 14. Let x(w) = 8 + 17*w**3 - 8*w**3 - 4*w + 7*w**2 - 2*w**2 - c*w**3. Calculate x(-6).
-4
Let q(i) = 2*i**2 - i - 2. Let h(p) be the third derivative of p**6/120 + p**5/60 + p**4/8 - 3*p**3/2 + 115*p**2 - 2. Let t(m) = h(m) - 4*q(m). What is t(6)?
5
Let u(b) = 2*b**3 + 2*b + 7. Let t = -2151 +